t are the prime factors of d?
2, 3
Suppose c - 14645 = -u - c, 3*u = -c + 43940. What are the prime factors of u?
97, 151
Let d(o) = -128*o - 190. Let l be d(6). Let c = l + 1900. What are the prime factors of c?
2, 3, 157
Let p be ((-24)/(-15))/(34/10 + -3). Suppose p*j = -5 - 163. Let f = 47 + j. List the prime factors of f.
5
Suppose -4*h = 15*h - 1026. Let j(z) = -3*z + 451. List the prime factors of j(h).
17
Let c = 65220 + -44620. What are the prime factors of c?
2, 5, 103
Suppose 13*r = 15*r - 8. Suppose 2*x = -q + 168, -r*q + 4*x + 576 + 132 = 0. List the prime factors of q.
2, 3, 29
Let o = -42 + 41. Let z be (7/o - -1)/(9/6). Let q(h) = h + 18. List the prime factors of q(z).
2, 7
Let z(k) = -k + 14. Let p be z(12). Suppose 3*a + 2*g = 85, 2*g = p - 4. Suppose 6*h - 421 = a. List the prime factors of h.
3, 5
Let w be -1*((-828)/(-27) + 4/(-6)). List the prime factors of (-30)/w + -1 + 14.
2, 7
Suppose -r = -5*j - 191, 0 = -j + r - 15 - 20. List the prime factors of (-4)/(-26) - (25617/j - 5).
2, 331
Suppose 4*j = 3*u + 8, -2*j - 31 = -4*u - 5*j. Let d be 56*3 + (u - (0 - -2)). Suppose d = 3*r - 160. What are the prime factors of r?
2, 5, 11
Let g = 158 + 19. Suppose -4*n = 8, 0*r - n = -r + g. Suppose -r = -24*l + 19*l. What are the prime factors of l?
5, 7
List the prime factors of (3907764/(-189))/(27/(-6) - -3).
2, 1723
Suppose 5*z + 1 = 26. Suppose m - y - 2*y = -7, z*y - 19 = -2*m. What are the prime factors of -7*(12 - 13)*(m + 0)?
2, 7
Suppose 88*h - 2057437 = -87898 + 489709. List the prime factors of h.
2, 89, 157
Let p be (4 - (0 - -4))/((-2)/2). Suppose -6*u + 1608 = -p*u. Suppose -n + u = 3*n. List the prime factors of n.
67
Let q = -10874 + 19024. List the prime factors of q.
2, 5, 163
Suppose -5076 + 921 = -3*z. What are the prime factors of z?
5, 277
Suppose -26516 = -3*g + 4*b, 7*b - 9*b = -2*g + 17678. What are the prime factors of g/(-429)*-3 + 4/22?
2, 31
Let y(b) be the second derivative of -3*b**5/5 - b**4/12 - 2*b**3/3 + 13*b**2/2 - 4*b + 5. What are the prime factors of y(-3)?
2, 5, 17
Suppose -5*r + 5*h + 13368 + 127157 = 0, -h = -3*r + 84307. What are the prime factors of r?
3, 17, 19, 29
Suppose -11*g = -144 + 23. Let z(q) = 14*q**2 - 9*q + 3. List the prime factors of z(g).
2, 17, 47
Suppose 6*w - 18 = -30. Let m be ((-12)/(-4))/3*94/w. Let z = 108 + m. What are the prime factors of z?
61
List the prime factors of (-4665*9 - 0)*-3*(-10)/(-45).
2, 3, 5, 311
Let w(o) = o**2 - 3 + o - 2*o + o - o. Let i be w(-2). Suppose 5*f - 332 = i*k, 0*k = -f - 5*k + 44. What are the prime factors of f?
2
Let n(a) = -26*a**3 + a**2 - 21*a - 82. List the prime factors of n(-7).
2, 1129
List the prime factors of (65705*(-28)/840)/((-2)/12).
17, 773
What are the prime factors of (275/(-10) + 24)*-16166?
7, 59, 137
Suppose -19*x + 33630 = -163761. What are the prime factors of x?
3, 3463
Suppose -10*j - 103002 = -14*j - 2*c, j - 4*c = 25782. What are the prime factors of j?
2, 79, 163
Let d(l) = -5*l**3 + 2*l**2 - l - 4. Let t be d(-1). Suppose 0*m - t*n = -m + 899, 3*n - 3615 = -4*m. What are the prime factors of m?
3, 7, 43
Suppose 11*g = 12*g + 264. Suppose 2*a - 3*d - 44 = 0, 5*a + 2*d - 4*d - 132 = 0. What are the prime factors of (g/a)/((-2)/14)?
2, 3, 11
Suppose 56*x = 53*x + 2*l + 43878, -2*x + 29252 = 5*l. List the prime factors of x.
2, 71, 103
Suppose -5*j + 132927 = 4*l, -100279 = -3*l + j - 598. List the prime factors of l.
2, 3, 13, 71
Suppose -3*l = q - 744, -3*q + 936 - 186 = 3*l. What are the prime factors of l?
13, 19
Let b = 2 - 6. Suppose -6*g + 111 = -3*o, 10*o + 139 = 7*o - g. What are the prime factors of 1476/o*10/b?
2, 41
Let t be 2/15 - 182/15. Let a(j) = j**3 + 15*j**2 + 22*j + 3. Let h be a(t). Suppose 31 - h = -5*n. List the prime factors of n.
2, 7
Let g be -1 - 0 - (-26 - -25). Suppose k + 59 - 442 = g. What are the prime factors of k?
383
Suppose 93293 = -4*x + 305229. What are the prime factors of x?
2, 37, 179
Let x(w) = w**2 + 2*w + 3. Let c be x(-3). Let k(t) = -7*t + 44. Let m be k(0). Suppose -m = -5*q + c. List the prime factors of q.
2, 5
Suppose -15*m + 69195 + 4440 = 0. Suppose 0 = -13*q - 1230 + m. List the prime factors of q.
283
Suppose 44 = -5*d + 4*j + 392, 129 = 2*d - 5*j. List the prime factors of 8544/10 + d/(-180).
2, 7, 61
What are the prime factors of (-193 - -190 - (-172)/(-6))*(-649 - -1)?
2, 3, 5, 19
Suppose 563899 = 59*v + 126222 - 687571. What are the prime factors of v?
2, 149
Suppose 12*x = 22*x - 800. Let j = x - 77. Suppose 4*k + 11 = j, 0 = -4*q + 2*k + 792. List the prime factors of q.
197
Let z(c) = 22*c**2 + 83*c + 92. List the prime factors of z(23).
23, 593
Let i = -128 + 883. List the prime factors of i.
5, 151
Let c be (0 - 45/(-6))*(-8)/(-12). Suppose 0 = -c*b - p + 3011, -b + 3*p + 511 = -88. List the prime factors of b.
2, 7, 43
Let a = -85 + 94. Let x(n) = 11*n**2 - 8*n + 47. List the prime factors of x(a).
2, 433
Suppose -7496 = -8*r + 10032. List the prime factors of r.
7, 313
Let l(s) = 1. Let j(z) = 18*z + 7. Let c(f) = -j(f) - 2*l(f). Let i be c(10). Let t = -130 - i. List the prime factors of t.
59
Let k = -23 + 321. Suppose -5*w + v + 337 = -k, -4*w - 4*v + 532 = 0. List the prime factors of w.
2
Let d(z) = -40*z + 18. Let s = -440 - -423. List the prime factors of d(s).
2, 349
Suppose -3*q = -7*q + 76. Let j be 5*(-6)/(-105) - q/(-7). Suppose 9*u - j*u = 66. What are the prime factors of u?
11
Let l be (((-55)/(-10) - 5)*0)/(-1). Suppose 2*z + 4*j = 1020, 3*z - j - 1317 - 241 = l. List the prime factors of z.
2, 7, 37
Suppose -13*j = -4*j + 216. What are the prime factors of (-1)/(1/9)*(j - -17)?
3, 7
Let q = -4262 - -7945. List the prime factors of q.
29, 127
Let l(h) be the first derivative of -1/4*h**4 - 1/3*h**3 + 8*h - 16 + 0*h**2. What are the prime factors of l(0)?
2
Let o be -4*5/120*-366. Let n = o - -262. What are the prime factors of n?
17, 19
Let f(g) = 322*g**2 - 319*g**2 - 2*g + 2 - 3*g. Let p be f(2). Suppose 3*r - 583 = 4*d, 0 = 4*r + p*d + d - 736. What are the prime factors of r?
3, 7
Suppose -3*g + 461 + 325 = 2*y, 3*y = 5*g - 1329. Let w = -240 + g. What are the prime factors of w?
2, 3
Let m(t) = -t**2 - 21*t - 79. Let h be m(-16). What are the prime factors of (-6)/(-12)*1974*h?
3, 7, 47
Suppose -3*l - 4*c + 106155 = 0, -3*l - 5*c + 69640 = -36518. List the prime factors of l.
35381
Suppose -67*w + 513148 = -760254. Suppose w = -91*x + 104*x. What are the prime factors of x?
2, 17, 43
What are the prime factors of (-3 - 0 - (-168)/48)*-12 - -7481?
5, 13, 23
Let t(k) be the first derivative of k**5/60 + k**4/12 + 37*k**3/2 + 5*k**2 + 23. Let d(x) be the second derivative of t(x). What are the prime factors of d(0)?
3, 37
Let x = 7350 + -2905. List the prime factors of x.
5, 7, 127
Suppose 9 = -3*o - 0*o, -5*u = -3*o + 116. Let k = u - -37. Let m = k - -123. What are the prime factors of m?
3, 5
Let m(b) = -1129*b + 1. Let v be m(-8). Let a = -4363 + v. What are the prime factors of -2 - (-26)/10 - a/(-50)?
2, 47
Let i = -58 - -61. Let w(h) = 8 - h**i + 6 - h**2 + 187*h - 179*h. List the prime factors of w(-4).
2, 3, 5
Suppose 0 = -72*f + 69*f + 441. Let c = 695 - f. List the prime factors of c.
2, 137
Let g be (-5340)/(-72) + (-5)/(-6). Suppose -4*m + 33 = d - 78, -4*d + 12 = 0. What are the prime factors of g/m + 0 - 10/(-45)?
3
Let p(l) = 25*l - 10. Let m be p(2). Let s = 45 - m. What are the prime factors of (s/(-5) + 0)*-21?
3, 7
Suppose t + 80 = 5*j + 7, 2*j = 2*t + 130. Let r = 9 + t. Let s = 84 + r. What are the prime factors of s?
2, 3, 5
Let c(k) = -k**2 - 1. Let t(h) = h**2 + 9*h + 21. Let f be t(-5). Let w(n) = n**3 - 4*n**2 - n - 3. Let p(z) = f*w(z) - 5*c(z). List the prime factors of p(3).
5, 7
Let h be ((-950)/(-17) - -1) + (-70)/(-595). Let p = h - -817. What are the prime factors of p?
2, 19, 23
Let x be 326/(-6) - (-10 - 261/(-27)). Let v = x + 86. List the prime factors of v.
2
Suppose 3*c = -5*m + 191935, -5*c - 383870 = -22*m + 12*m. List the prime factors of m.
23, 1669
Suppose -2*g = -3*o - 36378, 3*g - 21746 = -2*o + 32782. List the prime factors of g.
2, 3, 5, 101
Let y = 35 + -33. Suppose 5*s = y*s + 3. What are the prime factors of (-96)/40*s*320/(-6)?
2
Let l(q) = -140*q + 4588. What are the p